16). Let o(d) = 13*d**2 + d - 1. Calculate the remainder when u/(-35) + (-856)/(-10) is divided by o(-1).
9
Suppose -4*l = m + 90, 6*l + 5*m + 59 = 3*l. Suppose -21*j - 4*j - 850 = 0. Let s = l - j. What is the remainder when 19 is divided by s?
8
Let g be ((-230)/25)/(1/5). Let n = 48 + g. Suppose 0 = -n*h + 6*h - 104. Calculate the remainder when 99 is divided by h.
21
Suppose 4*p = 4*t + 112, -5*p + 3*p + 74 = 4*t. What is the remainder when 94 is divided by (-3 - -4 - 5) + p + -3?
22
Suppose 184 = 5*n - n. Suppose -5*s - 4*x + 23 = -n, 5*s + 2*x - 77 = 0. What is the remainder when s is divided by -3 + 1 + 169/13?
6
Let f(n) = 2*n**2 + 24*n + 57. Suppose 4*w + 5*i = -67, 0 = -3*w + 5*w - 5*i + 11. What is the remainder when f(w) is divided by 12?
11
Suppose -1050 = 3*k - 6144. Calculate the remainder when k is divided by 212.
2
Suppose 5*l + 5*d - 530 = -0*l, 0 = 5*l + 2*d - 545. Suppose l*f - 180 = 107*f. What is the remainder when f is divided by 14?
3
What is the remainder when 225/100 + 1835/4 is divided by 1233/18 + 7 + 6/4?
76
Suppose 0 = -47*k + 22201 + 23906. What is the remainder when k is divided by 52?
45
Suppose -15*l + 6500 = 10*l. Suppose 4*o = -60 + l. What is the remainder when o is divided by 18?
14
Suppose -5*n + 270 = 4*l + 3, 0 = 5*l + 5*n - 330. What is the remainder when 1319 is divided by l?
59
Suppose -123*x = -96*x - 10773. Calculate the remainder when 1212 is divided by x.
15
Let z(b) = -7*b**3 + 3*b**2 + 44*b + 167. What is the remainder when z(-5) is divided by 21?
15
Suppose -99*h + 94*h = -20. Suppose -q - 51 = -5*g, h*g - q = 2*g + 21. Calculate the remainder when 4/(-2) + (21 - 0) is divided by g.
9
Let a = 112 - 471. Let o = 637 + a. What is the remainder when o is divided by 14?
12
Let y = -2541 + 3335. What is the remainder when y is divided by 793?
1
Suppose -6*o = 21 - 9. Calculate the remainder when (111 - 24/6) + o is divided by 27.
24
Suppose -327 = -85*w + 577 + 31. Let o(s) = 29*s**2. What is the remainder when o(1) is divided by w?
7
Suppose -8*d = -24, 5*l - 5083 = -228*d + 227*d. What is the remainder when l is divided by 17?
13
Let z be (-1)/(((-6)/12)/(22/(-4))). Calculate the remainder when ((-1)/2)/(z/3784*4) is divided by 48/(-9)*18/(-4).
19
Let p = -212 + 264. What is the remainder when 86 is divided by p?
34
Let t be (20/6 - -1) + (-4)/(-6). Suppose -l - 2*v - 6 = -0, 3*v = -5*l + t. What is the remainder when 20 is divided by l?
0
Suppose 14*g - 10786 = -2*g + 11646. Calculate the remainder when g is divided by 82.
8
Let n(u) = 14*u**2 - 10*u + 9. Let c be n(5). Suppose -c + 3 = z. Calculate the remainder when z/(-10) - (-6)/(-75)*-5 is divided by 11.
9
Let r be 35/(-10)*2/(-7). What is the remainder when (3*13*r)/(-1 + 2) is divided by (-88)/(-9) - 10/(-45)?
9
Let a = -74 - -50. Let p = -19 - a. Suppose -3*r - 2*k = -r - 30, -p*r = -3*k - 75. What is the remainder when 58 is divided by r?
13
Suppose 1870*f + h + 0*h + 8 = 1872*f, 0 = 2*h. Let c = 4 - -11. What is the remainder when c is divided by f?
3
Calculate the remainder when 6/(-32) - 3302120/(-3968) is divided by 405.
22
Let k(b) = -b. Let m be -6 - (-562 + 7) - 9. Let v = m + -505. What is the remainder when v is divided by k(-3)?
2
Suppose 70543 = 25*x - 357. What is the remainder when x is divided by 45?
1
Let d = -328 + 754. Suppose 270*s = -547 + 2437. What is the remainder when d is divided by s?
6
Suppose 186 = 3*a - w, 174 = -5*a + 8*a + w. What is the remainder when 2289 is divided by a?
9
Let b be (-4 - 21/(-6))*(7 + -21). What is the remainder when (b - 3) + 48 + -4 is divided by 17?
14
Suppose 78*o - 249 = 3723 + 6246. What is the remainder when o is divided by 12?
11
Let v(i) be the third derivative of 0 + 0*i + 7/6*i**3 + 11/8*i**4 + 10*i**2. What is the remainder when v(1) is divided by 14?
12
Let j(a) = 398*a - 2736. What is the remainder when 1962/10 + (-11)/55 is divided by j(7)?
46
Let l(h) = -h**3 + 5*h**2 + 7*h + 15. Let w = -263 - -259. What is the remainder when l(w) is divided by 67?
64
Let t(a) = 10*a**2 - 1. Let q be (6 - 3)*(-2)/(-3). Suppose -25 = -q*c - 23. What is the remainder when 31 is divided by t(c)?
4
Let b be ((-759)/(-92))/((-1)/8). Suppose -5*c - 2*k + 504 = 0, k - 202 = -c - c. Let a = b + c. Calculate the remainder when a is divided by 15.
4
Suppose -303 = 7*f + 152. Let z = -19 - f. Suppose -j - z = -58. Calculate the remainder when j is divided by 5.
2
Let b = -28 - -40. Let u be (-15)/(-20)*-2*4/(-3). What is the remainder when (1/1 - u)/((-28)/644) is divided by b?
11
Suppose 11*l = 14*l - 375. Let x = l - 58. Suppose 12*y - 77 = x. Calculate the remainder when 59 is divided by y.
11
Suppose 0 = -5*p - x + 401, -32*p - 103 = -33*p - 4*x. What is the remainder when 468 is divided by p?
73
Suppose -2930*d + 549 = -2921*d. What is the remainder when 912 is divided by d?
58
Let s(f) = -128*f - 1. Let z be s(-2). Let k = z - 226. What is the remainder when 75 is divided by k?
17
Let u be ((-99)/(-45))/11 - 694/(-5). Suppose -127 = 6*s - u. Let p = 55 - 33. What is the remainder when p is divided by s?
0
Suppose 13*d - 2877 + 2188 = -0*d. Calculate the remainder when 11816 is divided by d.
50
Let u be (-2)/(-2)*(-3 - -5 - -1). What is the remainder when 6/u - (3 + -2) - -196 is divided by 51?
44
Let z = -9095 - -9222. Suppose -4*g - 46 = -174. Calculate the remainder when z is divided by g.
31
Suppose -44*t = -20*t - 288. What is the remainder when (-2 + -4)/((-6)/66) is divided by t?
6
Let z = 5176 - 5027. What is the remainder when 8641 is divided by z?
148
Let q(p) = p**2 + 8*p + 20. Let s(z) = z**3 - 5*z**2 - 8*z + 3. Let a be s(-2). What is the remainder when 55 is divided by q(a)?
26
Let l = -172 + 198. Calculate the remainder when 4403 is divided by l.
9
Let j = 464 + -454. What is the remainder when j/(-4)*((-337)/5 + 1) is divided by 25?
16
Suppose 47*s = 50*s. Suppose s = 10*n - 2*n - 176. What is the remainder when n is divided by 6?
4
Let k(g) = 27*g**2 - 916*g + 24. What is the remainder when 676 is divided by k(34)?
32
Calculate the remainder when 42/10*-15*294/(-54) is divided by 126.
91
Suppose 340 = b - 3*o, -4*b - 5*o - 29673 + 30693 = 0. What is the remainder when b is divided by 5/(1*(-2)/(-6))?
10
Suppose 5*t - 44 = 21. Suppose -5*p + 265 = 4*s - 5*s, -3*p + 152 = -2*s. Calculate the remainder when p is divided by t.
2
What is the remainder when 8*-1 + (6/(-16) - (-10284)/32) is divided by 81?
70
Suppose -164*b + 1156 = 43*b - 1949. Let x = 51 - 13. Calculate the remainder when x is divided by b.
8
Let c = -1079 + 1125. Suppose -5*q + 1517 + 1888 = 0. Suppose -2*i - q = -5*i. Calculate the remainder when i is divided by c.
43
Let t = 971 + -667. Suppose -3*z - 386 = -4*v, 5*z - t = -5*v + 196. Let a(j) = -j**2 + 2*j + 33. What is the remainder when v is divided by a(0)?
32
Suppose 3*q + 64*r - 67*r = 129, 0 = q + 3*r - 51. Let d = 34 + -24. Calculate the remainder when q is divided by d.
5
Let s = -100 + 129. Suppose w = s - 18. Suppose -3*x + 15 = 2*x. What is the remainder when w is divided by x?
2
Suppose 252 - 68 = 4*f. Suppose -s + f = -169. Calculate the remainder when s is divided by 54.
53
Calculate the remainder when 5989/11 + (-12 + 8)*27/(-198) is divided by 91.
90
Suppose 0*d = 2*d - 96. Calculate the remainder when d is divided by 21 + 1 - (35 - 28).
3
Suppose 4*c - 12735 = 3*u + 4624, 21685 = 5*c - u. What is the remainder when c is divided by 241?
239
Calculate the remainder when (-89625)/75*-4*6/20 is divided by 475.
9
Suppose 3*k - 9*k = 13*k - 475. What is the remainder when 232 is divided by k?
7
Let a = -596 - -634. Let b(n) = 7*n - 261. Calculate the remainder when 58 is divided by b(a).
3
Suppose 5371*c = 5350*c + 126. Calculate the remainder when 28918 is divided by c.
4
Suppose -3*u - n + 2962 = 772, -5*n + 730 = u. Let f = 950 - u. Calculate the remainder when f is divided by 14.
10
Let a(y) = 6*y**2 + 41*y - 775. Calculate the remainder when 1554 is divided by a(13).
10
Let n(h) = h**2 + 64*h - 789. Calculate the remainder when n(-77) is divided by 59.
35
Let y(w) = -w**3 - 7*w**2 - 7*w + 12. Let l(a) = 3*a**2 + 3*a - 1. Let k be l(-3). Let m = 11 - k. What is the remainder when 71 is divided by y(m)?
17
Suppose 32 - 8 = 2*b. Let i(j) = 6 +